nd 8751336.
264
What is the greatest common divisor of 31 and 49406963?
31
What is the highest common divisor of 51289 and 168249?
17
What is the highest common factor of 331028 and 1828?
4
What is the greatest common divisor of 777642779 and 43765?
8753
Calculate the highest common factor of 8088 and 72552.
24
What is the highest common factor of 4686996 and 4941?
183
Calculate the greatest common divisor of 1416346 and 6.
2
What is the greatest common divisor of 55299897 and 783?
261
Calculate the highest common divisor of 219928 and 41506952.
5944
What is the highest common factor of 3927195 and 111305?
985
Calculate the greatest common factor of 73523847 and 93.
93
Calculate the highest common factor of 976867 and 30208307.
7457
Calculate the highest common divisor of 286958 and 1431906.
1442
Calculate the greatest common factor of 301191 and 12507.
33
Calculate the highest common factor of 38010465 and 80010.
5715
Calculate the greatest common divisor of 159919 and 85.
17
What is the highest common divisor of 42945 and 102178425?
6135
What is the greatest common factor of 19629 and 167130?
27
Calculate the greatest common factor of 53347 and 5723371.
7621
What is the greatest common factor of 49 and 20959603?
49
Calculate the greatest common factor of 75857 and 26679641.
2447
Calculate the greatest common divisor of 190350 and 2070198.
162
What is the highest common divisor of 856415 and 8120?
35
What is the greatest common divisor of 12 and 5029780?
4
What is the highest common divisor of 13580114 and 47234?
226
What is the greatest common divisor of 1192 and 304424?
8
What is the greatest common divisor of 507 and 30156828?
39
Calculate the highest common divisor of 360 and 1035585.
45
Calculate the greatest common factor of 9622 and 1571782.
566
What is the greatest common divisor of 52507440 and 1168?
1168
What is the greatest common factor of 308 and 808423?
77
Calculate the highest common divisor of 3849111 and 188748.
6741
What is the greatest common divisor of 18326 and 1453585?
833
Calculate the highest common factor of 34534920 and 2415.
105
What is the greatest common factor of 511850 and 330600?
1450
Calculate the greatest common factor of 20845881 and 63.
63
Calculate the highest common divisor of 448 and 3239411.
7
Calculate the highest common factor of 4957640976 and 24.
24
What is the highest common divisor of 1488 and 1551816?
24
What is the highest common divisor of 2615206 and 22?
22
What is the highest common divisor of 111316 and 15436?
68
Calculate the highest common factor of 2551941 and 6489.
63
What is the highest common factor of 20907845 and 315?
35
Calculate the highest common divisor of 2 and 190633.
1
What is the highest common divisor of 29086213 and 39?
13
What is the highest common divisor of 115 and 7187155?
115
What is the highest common divisor of 28894 and 3218?
2
What is the highest common factor of 1054 and 23116991?
17
Calculate the highest common factor of 16356 and 33556308.
564
What is the greatest common factor of 11229 and 498959?
19
What is the highest common factor of 7005 and 3809130?
15
What is the highest common divisor of 2544 and 103945614?
318
Calculate the greatest common factor of 18375402 and 517.
47
What is the highest common factor of 295323 and 17478300?
6027
What is the highest common divisor of 12570294 and 526380?
1698
What is the greatest common divisor of 62852 and 8?
4
Calculate the greatest common factor of 6363458 and 94466.
634
Calculate the greatest common factor of 288680 and 744.
8
Calculate the highest common divisor of 1224 and 12767697.
153
Calculate the highest common divisor of 3096345 and 555.
555
What is the greatest common factor of 9568 and 13503392?
736
Calculate the highest common divisor of 38636208 and 108.
36
Calculate the greatest common factor of 5816 and 153992.
8
Calculate the greatest common factor of 570676081 and 199.
199
Calculate the greatest common divisor of 3437205 and 2580.
645
What is the greatest common divisor of 87495 and 26205?
15
Calculate the greatest common factor of 117571857 and 192933.
3783
Calculate the highest common factor of 3982 and 4768988.
362
What is the highest common divisor of 2752 and 3342949?
43
What is the highest common factor of 696 and 785389368?
696
What is the greatest common divisor of 176 and 9886416?
16
Calculate the greatest common factor of 1968 and 20207260.
164
What is the greatest common divisor of 6750 and 2706102?
54
Calculate the greatest common divisor of 1220 and 131842045.
305
Calculate the highest common factor of 27574057 and 1988.
497
What is the highest common factor of 1629 and 17541?
9
What is the greatest common divisor of 6947952 and 17232?
48
Calculate the greatest common factor of 5232033 and 2349.
81
What is the highest common factor of 39014946 and 3404?
1702
Calculate the greatest common divisor of 280 and 26096105.
35
What is the highest common divisor of 52062681 and 22?
11
Calculate the highest common divisor of 4876374195 and 15.
15
What is the highest common factor of 471588581 and 669?
223
Calculate the highest common divisor of 13007960 and 952.
56
Calculate the highest common factor of 50 and 14155650.
50
What is the highest common factor of 1643835 and 855?
15
Calculate the highest common divisor of 1988 and 49464919.
497
What is the greatest common divisor of 1269 and 297000?
27
What is the highest common factor of 22140 and 632420?
20
Calculate the greatest common divisor of 315268393 and 43255.
8651
What is the highest common factor of 62582 and 99296?
58
Calculate the greatest common factor of 43472 and 1699984.
2288
Calculate the greatest common divisor of 141221 and 1.
1
What is the greatest common divisor of 98 and 6385141?
49
What is the highest common divisor of 7515 and 3458570?
835
What is the highest common divisor of 106476 and 947796?
228
What is the greatest common factor of 168695428 and 9548?
1364
Calculate the greatest common factor of 67550 and 65647985.
965
What is the greatest common factor of 9894 and 5893526?
3298
What is the highest common divisor of 370173 and 404238?
2271
Calculate the greatest common divisor of 2651640 and 21160.
40
Calculate the highest common divisor of 14862 and 619084041.
7431
Calculate the greatest common divisor of 42544 and 5144.
8
What is the highest common factor of 72 and 8680356?
36
What is the highest common factor of 155668880 and 240?
80
What is the highest common factor of 15849 and 1686?
3
What is the highest common factor of 18260838 and 36?
18
Calculate the greatest common factor of 5835 and 10021807.
389
What is the highest common factor of 8636 and 2415540?
508
What is the highest common divisor of 55909 and 263897?
163
Calculate the greatest common divisor of 4112 and 54608.
16
Calculate the highest common divisor of 6131 and 2608378771.
6131
Calculate the highest common factor of 2424896 and 576.
64
What is the highest common factor of 586694907 and 9?
9
What is the greatest common factor of 42965020 and 630?
70
What is the highest common factor of 21810 and 76830?
30
Calculate the highest common factor of 60 and 29856080.
20
What is the highest common divisor of 1896693333 and 82?
41
Calculate the highest common divisor of 2721 and 1047.
3
Calculate the greatest common divisor of 3536 and 24621584.
208
Calculate the highest common factor of 202 and 3758614.
202
Calculate the greatest common divisor of 7310 and 918695.
215
Calculate the highest common divisor of 23 and 402.
1
Calculate the highest common factor of 236314 and 47580.
1586
Calculate the greatest common divisor of 22733 and 201017.
179
Calculate the greatest common factor of 10372 and 9012.
4
What is the greatest common factor of 3300 and 12545650?
50
Calculate the greatest common divisor of 20031 and 63151.
11
What is the highest common divisor of 19936 and 2324?
28
What is the highest common divisor of 55236674 and 655?
131
What is the greatest common factor of 2473740 and 5850?
90
Calculate the greatest common factor of 3500624 and 27400.
1096
What is the highest common factor of 8 and 9313004?
4
What is the highest common factor of 169648 and 37168?
368
What is the greatest common divisor of 140536263 and 2499?
2499
What is the highest commo